alse
Let y(p) = 2*p**2 - 22*p + 22. Does 21 divide y(15)?
False
Suppose -176 = -3*t + t. Is 15 a factor of t?
False
Let f(l) = -3*l**3 + l. Let a be f(-1). Let o be (1 - 1)/((-4)/a). Suppose -s + 25 = -3*t, -s = -o*s + 3*t - 7. Does 8 divide s?
True
Suppose -23 = 5*b - 143. Suppose b = 2*q + 2. Is 11 a factor of q?
True
Let q = -39 - -69. Suppose 3*y + 62 = 2*p, 4*p = -4*y + 74 + q. Is 28 a factor of p?
True
Let g(v) = v**3 + 8*v**2 - v + 2. Let f be g(-8). Let r(i) = -4 + 2*i + 5 - f. Is 2 a factor of r(6)?
False
Let s(n) = -2*n**2 - 11*n + 8. Let u be s(-6). Let d(r) = 3*r**2 + 4*r - 3. Is 7 a factor of d(u)?
False
Let f be (0/1)/(4 + -3). Let j(b) = -b - 6*b - 3 + b**2 + f*b**2. Is j(9) a multiple of 15?
True
Let x = -16 - 30. Let l be ((-1)/2)/(1/x). Let m = 35 - l. Is 12 a factor of m?
True
Suppose 0*w + 4 = w. Suppose -3 = -w*c + 17. Let p = c - -2. Does 4 divide p?
False
Is 2 a factor of 0 - 1 - 0 - -9?
True
Let c(p) = -3 - 4 + 0*p + p + 0. Let i be c(4). Is 14 - (-1 + -2) - i a multiple of 7?
False
Suppose -r + h - 7 = 4*r, -4*h - 12 = 0. Let w(c) = 3*c**2 + c - 2. Does 4 divide w(r)?
True
Suppose -2*j - 2*j + 2*a + 106 = 0, -13 = -j - 4*a. Does 3 divide j?
False
Suppose 0 = -2*y - 2*t + 244, -4*y + 84 + 374 = -2*t. Suppose -121 = -4*d + 5*p, -3*d = d - p - y. Does 7 divide d?
False
Let p be 41/3 - 2/(-6). Suppose 0 = -f + 3 + p. Is 6 a factor of f?
False
Let b be (6 - 5) + 6*-4. Let n = b - -27. Is n a multiple of 3?
False
Let s(t) be the second derivative of t**3/3 + 7*t**2/2 + 4*t. Does 17 divide s(5)?
True
Suppose -2*h - 12*h + 770 = 0. Does 11 divide h?
True
Suppose -18 = -3*l - 7*v + 4*v, 5*l - 36 = -2*v. Is 26 a factor of 103/2 - (-4)/l?
True
Is 1/6 + 3/((-72)/(-4268)) a multiple of 36?
False
Suppose 0 = 5*o - 8*o - m - 16, 0 = 3*m + 3. Let q(a) = a**3 + 7*a**2 - 4. Is q(o) a multiple of 19?
False
Let b be 2/7*(6 + 1). Suppose -2*y = 2*g - 36, -5*y + b*g = -61 - 8. Suppose -4*d - 4*x + 83 - 31 = 0, y = 5*x. Is 5 a factor of d?
True
Let y(v) = -v - 5. Let x be y(-5). Suppose x = -0*l - l + 12. Is l a multiple of 11?
False
Let h(z) be the first derivative of z**4/4 + 14*z**3/3 + 6*z**2 + 5. Does 3 divide h(-13)?
False
Suppose 2*o - 33 = 5*p, -2*p + 4*o - o = 22. Suppose -4*f + 2*f = 18. Let y = p - f. Is 2 a factor of y?
True
Let u(j) = j**2 + 5*j - 11. Does 7 divide u(-8)?
False
Let d(i) = -i**2 + 5*i + 7. Let o = -8 - -16. Suppose -o = -2*l + 2. Is 5 a factor of d(l)?
False
Let z(i) = i**3 + 9*i**2 + 4*i - 2. Let m be z(-8). Let h = -16 + m. Is 5 a factor of h?
False
Is (-5)/(-2)*112/20 a multiple of 7?
True
Suppose 0*r = 4*r - 420. Does 35 divide r?
True
Let o(y) = 39*y - 1. Let q be o(1). Let v(g) = 2*g**2 - 8*g - 1. Let j be v(6). Let d = q - j. Is 7 a factor of d?
False
Suppose -5*d + 420 = -0*d. Is d a multiple of 28?
True
Let c(u) = 2*u**3 + 16*u**2 - 4*u + 17. Does 11 divide c(-7)?
True
Suppose 0 = 4*o + 5 - 17. Suppose -2*i - o*p = -0*i + 19, -5*i = -2*p. Is i - (80 + 1)/(-3) a multiple of 17?
False
Let x = -74 - -80. Does 6 divide x?
True
Suppose -4*s + 7 + 1 = 0. Let g(p) = -2*p**2 + 3*p. Let t be g(s). Is t*(-10 - (-3 - -2)) a multiple of 18?
True
Let l(a) = -a - 4. Let i be l(-7). Suppose -197 = -i*y - 83. Is 13 a factor of y?
False
Suppose -4*b + 448 = -2*b - 2*n, -5*n = 5. Is b a multiple of 42?
False
Let p = -25 - -51. Is p a multiple of 7?
False
Suppose 0 = -17*q + 4*q + 1716. Is q a multiple of 12?
True
Let u be 12/9*21/(-2). Let d = u - -21. Is 198/d + 10/(-35) a multiple of 14?
True
Let t be (4/10)/((-4)/20). Let b be 2 + -4 + t/(-2). Does 4 divide ((-36)/16)/(b/4)?
False
Suppose 2*c = -4*q + 44, 4*q - 2*c = -8 + 60. Does 12 divide q?
True
Suppose 38 = 3*q - 493. Does 39 divide q?
False
Suppose -2*n = -89 - 37. Does 19 divide n?
False
Suppose -5*l + 58 = r - 62, l + 2*r = 15. Does 5 divide l?
True
Suppose 5*y = -2 - 8. Is (y + 3)*5*6 a multiple of 7?
False
Let q(d) be the first derivative of -d**4/24 + d**3/2 + d**2 + 1. Let v(l) be the second derivative of q(l). Is v(-4) a multiple of 3?
False
Let y(z) = -z**3 - 4*z**2 + 3. Let a be y(-4). Suppose -j = -a + 9. Is j/(-3)*(-30)/(-4) a multiple of 5?
True
Suppose 0 = -t - 6. Is (-21)/t*(-1 - -3) a multiple of 4?
False
Let j(o) = 6 - 7*o - 2*o**2 + 5*o**2 + 0*o**2. Let w = -8 + 12. Is 11 a factor of j(w)?
False
Suppose 4*y - 3 = -w, 3*y - 3*w + 9 = 4*y. Suppose 93 = 3*j + f - 11, y = -2*j - f + 71. Suppose 3*s = -0*s + j. Is 4 a factor of s?
False
Let p(q) be the third derivative of -q**6/120 + q**5/60 + q**4/8 + q**3/3 - 5*q**2. Is 20 a factor of p(-3)?
False
Let x be ((-52)/8)/(2/(-20)). Let p = 126 - x. Does 13 divide p?
False
Suppose 2*p = z + 13 + 70, 5*p = z + 206. Does 31 divide p?
False
Let p(d) be the second derivative of -23*d**3/6 - d**2 - 2*d. Let g(f) = 3*f + 16. Let b be g(-6). Does 22 divide p(b)?
True
Let v(n) = -n**2 + 23*n - 24. Does 5 divide v(20)?
False
Suppose -7*d = -4*d - 15. Let f(q) = 2*q**2 - 5*q + 1. Is f(d) a multiple of 17?
False
Suppose -z = 4, -z - 122 = -3*d - 2*z. Does 7 divide d?
True
Suppose 2*m - 8 = -4*p, 3*m + p = m + 5. Is 3 + m/(8/60) a multiple of 7?
False
Let l be (9/4)/(4/(-272)). Let h = l - -47. Is (-2)/(2 + 216/h) a multiple of 16?
False
Let u = 364 + -254. Is u a multiple of 13?
False
Does 20 divide 478/17 - (-2)/(-17)?
False
Let v be 23/5 - 6/(-15). Let d be 2*4/((-8)/(-10)). Suppose p + d = 2*p + 4*t, 3*p - v*t = 64. Does 9 divide p?
True
Let i(z) = -9*z + 3. Is i(-7) a multiple of 14?
False
Let c = 20 + 32. Does 13 divide c?
True
Let y(k) be the first derivative of -k**4/4 - 5*k**3/3 + 9*k**2/2 - 6*k + 4. Is 13 a factor of y(-7)?
False
Let o be 0 - (0 - (-2 + 4)). Suppose 112 = -2*p + o. Let d = p - -91. Does 17 divide d?
False
Let a be 1/((-2)/(0 - -2)). Let i be -1 - a - (-6)/(-1). Let b(q) = q + 11. Is 3 a factor of b(i)?
False
Let f(r) = -14*r**3 + r**2 + 2*r + 1. Let o be f(-1). Suppose -2*l + 12 = 2*c, -5*c - 4*l + 19 = -o. Is 4 a factor of c?
False
Suppose -3*t = 4*f + 111, -14 + 4 = 2*t. Is ((-9)/4)/(9/f) a multiple of 4?
False
Let a = -5 + 3. Let x be -86 - ((a - -5) + -1). Is 9 a factor of x/(-6) + (-1)/(-3)?
False
Let z(x) = -3*x**3 - 2*x**2 + 2. Is z(-3) a multiple of 29?
False
Suppose -1 = -w - 2. Let v be 1 + (5 - (0 - w)). Suppose -p + v = -19. Does 12 divide p?
True
Let q(a) = a**3 + 10*a**2 - a - 9. Let i be q(-10). Let o be 4 + i + -3 + 166. Suppose 7*y - 3*y = o. Is 14 a factor of y?
True
Let n = -39 + 21. Let g = n - -43. Is 12 a factor of g?
False
Let u(v) = v + 5. Let h be u(-5). Let q be 1 + (h + -30)/2. Does 7 divide 4/2 - 2 - q?
True
Let w(u) = -2*u + 9. Let g be w(9). Let f = 14 + g. Suppose -4*q + f + 7 = 0. Is q even?
False
Suppose f - 4*f = -42. Does 2 divide f?
True
Does 11 divide 2292/26 - 6/39?
True
Suppose p - 11 = 16. Suppose 3*d + p = 96. Is 8 a factor of d?
False
Let f(z) = -4*z + 0 + z - 3 + 2*z**2. Let n be f(5). Let k = -18 + n. Does 9 divide k?
False
Let f be (-2 - 12/(-5))*-10. Let g(u) be the second derivative of -u**3/2 + u**2 - u. Is g(f) a multiple of 7?
True
Suppose -2*i - 11 = -217. Suppose 4*k - i - 25 = 0. Is 9 a factor of k?
False
Let m(t) = -t + 4. Let d(p) = 1. Let k(l) = -7*d(l) + 2*m(l). Is k(-1) a multiple of 2?
False
Let t(o) = -4*o**3 - 2*o**2 - 3*o - 2. Is t(-2) a multiple of 11?
False
Does 4 divide -4*1*(-4 + 3)?
True
Suppose 5*m = -16 + 76. Does 4 divide m?
True
Is (-4)/(-5 + 4) + 2 a multiple of 2?
True
Suppose -22*v - 1026 = -31*v. Does 13 divide v?
False
Let d = 219 - 154. Does 5 divide d?
True
Let i be 1/(-2) + 1/2. Let z be (0 + 3/3)*i. Suppose z = -0*h - 3*h + 18. Is h a multiple of 6?
True
Is 26 a factor of -15 + 81 - (-2 + 1)?
False
Suppose 0*l - 3*x = 4*l + 16, 0 = l + 5*x - 13. Let t be (-14)/(-1 + 1 + -1). Let d = l + t. Is d a multiple of 6?
False
Suppose 2*j - 5*j - 12 = 0. Does 27 divide (-429)/j - (-24)/32?
True
Let k = -4 - -2. Does 19 divide k + 0 + 8 + 32?
True
Let t(a) = 5*a**2 - 8*a + 13. Let k(h) = h**2 + 1. Let g(m) = -2*k(m) + t(m). Is 23 a factor of g(5)?
True
Let l(g) = -g**3 - g**2 + 2*g + 11. Let c be l(0). Suppose 0 = -c*u + 10*u + 6. Is u a multiple of 3?
True
Suppose 27 - 9 = 5*p + y, 0 = p - 3*y + 6. Suppose -8 = -p*v + v. Is v a multiple of 2?
True
Suppose -3*u = -5*u - 4. Let j = 5 + u. Suppose j*z - 19 = 5. Is 4 a fa